te the greatest common divisor of 352 and 64.
32
What is the highest common divisor of 105 and 14?
7
What is the greatest common factor of 13 and 329?
1
Calculate the greatest common factor of 5916 and 1020.
204
What is the greatest common factor of 7 and 40222?
7
What is the greatest common factor of 56656 and 16?
16
What is the highest common divisor of 8 and 20?
4
What is the highest common divisor of 20 and 530?
10
Calculate the greatest common divisor of 4921 and 19.
19
Calculate the highest common factor of 2162 and 598.
46
What is the highest common factor of 255 and 45?
15
What is the highest common divisor of 1 and 512?
1
What is the highest common divisor of 14 and 2086?
14
What is the greatest common factor of 1593 and 413?
59
What is the highest common factor of 378 and 168?
42
Calculate the highest common divisor of 56250 and 10.
10
Calculate the highest common divisor of 24 and 303.
3
Calculate the greatest common divisor of 102 and 459.
51
What is the greatest common divisor of 404 and 12726?
202
What is the highest common factor of 612 and 27?
9
Calculate the greatest common divisor of 12 and 25548.
12
What is the highest common factor of 1302 and 713?
31
What is the highest common factor of 347 and 4511?
347
Calculate the highest common divisor of 17 and 2567.
17
Calculate the highest common divisor of 298 and 596.
298
Calculate the highest common factor of 54 and 8397.
27
Calculate the highest common divisor of 429 and 132.
33
Calculate the greatest common divisor of 20 and 20.
20
Calculate the highest common factor of 43 and 5633.
43
Calculate the highest common divisor of 13 and 1417.
13
Calculate the highest common divisor of 2751 and 105.
21
Calculate the highest common factor of 21 and 159.
3
Calculate the highest common divisor of 1815 and 15.
15
Calculate the highest common divisor of 522 and 696.
174
What is the highest common divisor of 23 and 60007?
23
What is the greatest common factor of 1424 and 5162?
178
Calculate the highest common factor of 33 and 1936.
11
Calculate the greatest common divisor of 987 and 273.
21
Calculate the highest common divisor of 63 and 7.
7
Calculate the greatest common divisor of 361 and 171.
19
Calculate the greatest common factor of 7 and 2394.
7
Calculate the highest common divisor of 29 and 1.
1
What is the highest common factor of 72 and 252?
36
Calculate the highest common factor of 6913 and 310.
31
Calculate the highest common divisor of 39 and 159.
3
What is the greatest common divisor of 384 and 672?
96
Calculate the greatest common divisor of 1424 and 8.
8
What is the greatest common factor of 664 and 415?
83
Calculate the greatest common factor of 630 and 70.
70
Calculate the greatest common divisor of 4541 and 478.
239
Calculate the greatest common divisor of 14333 and 11.
11
Calculate the highest common factor of 490 and 30.
10
Calculate the greatest common factor of 63 and 7.
7
What is the greatest common divisor of 17992 and 104?
104
Calculate the highest common factor of 1628 and 5476.
148
Calculate the highest common divisor of 1125 and 105.
15
Calculate the greatest common divisor of 200 and 32.
8
What is the greatest common factor of 4 and 100?
4
Calculate the greatest common factor of 399 and 14.
7
Calculate the greatest common factor of 89 and 2403.
89
Calculate the highest common divisor of 161 and 84.
7
What is the highest common divisor of 1932 and 210?
42
What is the greatest common divisor of 20 and 76?
4
Calculate the highest common divisor of 12 and 5052.
12
What is the highest common divisor of 11 and 176?
11
What is the greatest common divisor of 21 and 3885?
21
What is the highest common divisor of 74 and 370?
74
What is the greatest common divisor of 20 and 1396?
4
Calculate the greatest common divisor of 177 and 3.
3
Calculate the highest common divisor of 150 and 475.
25
Calculate the greatest common divisor of 903 and 42.
21
Calculate the highest common divisor of 3556 and 364.
28
What is the greatest common divisor of 28 and 182?
14
Calculate the highest common divisor of 548 and 4.
4
Calculate the greatest common factor of 1900 and 2700.
100
Calculate the highest common divisor of 549 and 9.
9
Calculate the highest common factor of 485 and 7857.
97
What is the highest common factor of 7 and 189?
7
What is the highest common factor of 72 and 900?
36
Calculate the greatest common divisor of 335 and 1072.
67
What is the highest common factor of 314 and 3454?
314
Calculate the highest common factor of 960 and 15.
15
Calculate the greatest common factor of 441 and 2450.
49
What is the highest common factor of 314 and 12874?
314
Calculate the highest common divisor of 16 and 88.
8
Calculate the highest common factor of 444 and 36.
12
Calculate the highest common factor of 4878 and 36.
18
Calculate the highest common factor of 225 and 15.
15
Calculate the highest common factor of 880 and 484.
44
What is the greatest common divisor of 1700 and 100?
100
Calculate the highest common factor of 98 and 35.
7
Calculate the highest common divisor of 275 and 22.
11
Calculate the greatest common divisor of 100 and 140.
20
Calculate the highest common divisor of 504 and 36.
36
What is the highest common divisor of 48 and 876?
12
Calculate the greatest common factor of 112 and 392.
56
Calculate the greatest common divisor of 177 and 39471.
177
What is the highest common divisor of 41 and 2?
1
Calculate the highest common factor of 374 and 110.
22
What is the highest common factor of 774 and 860?
86
Calculate the greatest common divisor of 264 and 24.
24
What is the greatest common factor of 1508 and 8?
4
Calculate the greatest common divisor of 689 and 260.
13
What is the greatest common divisor of 45 and 3645?
45
What is the greatest common factor of 252 and 189?
63
Calculate the highest common divisor of 1 and 877.
1
What is the greatest common divisor of 150 and 11350?
50
What is the greatest common factor of 429 and 66?
33
Calculate the highest common factor of 187 and 5423.
187
What is the greatest common divisor of 288 and 1656?
72
Calculate the greatest common factor of 5 and 5545.
5
Calculate the greatest common divisor of 3844 and 372.
124
What is the highest common divisor of 1419 and 66?
33
What is the highest common divisor of 10 and 1210?
10
Calculate the highest common factor of 122 and 122.
122
What is the highest common factor of 198 and 12?
6
What is the greatest common divisor of 72 and 16?
8
Calculate the highest common factor of 36 and 628.
4
What is the highest common factor of 161 and 1817?
23
Calculate the highest common divisor of 52 and 10634.
26
What is the highest common factor of 4 and 1476?
4
What is the greatest common factor of 10043 and 83?
83
Calculate the greatest common factor of 462 and 84.
42
What is the highest common divisor of 8816 and 16?
16
Calculate the greatest common divisor of 28 and 1148.
28
What is the highest common divisor of 526 and 4997?
263
Calculate the greatest common divisor of 680 and 1615.
85
What is the greatest common factor of 352 and 4?
4
What is the highest common factor of 969 and 85?
17
Calculate the highest common divisor of 306 and 2736.
18
Calculate the greatest common factor of 53 and 5830.
53
Calculate the greatest common factor of 264 and 7326.
66
What is the greatest common factor of 524 and 4?
4
What is the highest common factor of 598 and 6624?
46
What is the greatest common divisor of 3159 and 3861?
351
What is the highest common divisor of 936 and 286?
26
Calculate the highest common divisor of 13060 and 20.
20
Calculate the highest common factor of 816 and 51.
51
Calculate the greatest common divisor of 70 and 1358.
14
What is the greatest common divisor of 1540 and 33?
11
What is the greatest common factor of 22 and 726?
22
Calculate the greatest common factor of 1392 and 48.
48
Calculate the highest common factor of 24507 and 778.
389
What is the greatest common factor of 80660 and 185?
185
Calculate the highest common divisor of 1052 and 8.
4
Calculate the highest common factor of 135 and 1245.
15
Calculate the highest common divisor of 133 and 28.
7
What is the highest common factor of 120 and 5952?
24
Calculate the highest common factor of 153 and 51.
51
Calculate the highest common 